pose -7*a = -3*a - 24. What is the greatest common factor of a and f?
6
Let q(m) = -m + 3. Let p be q(-6). Let c = -58 - -130. Suppose 0 = 2*a - a - c. What is the highest common divisor of p and a?
9
Let a be -7*1/49 + (-55340)/(-35). What is the highest common factor of a and 744?
93
Let h(a) = a**3 - 8*a + 2. Let m be h(4). Let d = 66 - m. Suppose 0 = -2*u + 7*u - 20. What is the highest common factor of u and d?
4
Let t = -30 + 36. Let i = 0 + t. Suppose 77 + 25 = i*p. Calculate the greatest common divisor of p and 68.
17
Let z = -11863 + 12619. Calculate the greatest common divisor of z and 48.
12
Suppose 4*p = 3 + 5. Let d be 1/(-7) - (12/(-21))/4. Suppose -4*k + 50 = 5*v, -3*v + d*v - 7 = -5*k. Calculate the highest common factor of p and v.
2
Let h(x) = 34*x**2 + 59*x - 411. Let n be h(-29). What is the greatest common factor of 24 and n?
24
Let y be 1158/8 - 602/344. Let z(g) = g**3 - g**2 + 1. Let x be z(0). Let j be 4/(4/13)*x. Calculate the highest common factor of j and y.
13
Suppose 10*d - d - 45866 = -8*d. What is the highest common factor of d and 76?
38
Suppose 2*y + 3*y + 2*t = 0, -2*y - 2*t = 0. Suppose y = 8*c - 2*c - 312. Let i be (2/(-2))/(3/(-390)). Calculate the greatest common factor of c and i.
26
Let x = -6357 - -6367. Calculate the greatest common divisor of x and 10190.
10
Suppose 2*s + 2*y = 128 + 154, 5*s + 4*y - 704 = 0. Suppose 6*m + 4*r + 41 = 13*m, -39 = -5*m - 2*r. Calculate the highest common factor of m and s.
7
Suppose -2*b + 1578 = 3*b + 1103. Calculate the greatest common factor of b and 4541.
19
Let o be (-1)/(15/(-36))*(-15)/(-2). Suppose o*h - 1214 = 496. Calculate the highest common factor of 19 and h.
19
Let j(g) = 50*g + 4. Let i be j(6). Let d = -748003 - -748019. What is the greatest common factor of d and i?
16
Let r(m) = -5*m**3 - 21*m**2 + 53*m + 28. Let h be r(-7). Calculate the greatest common divisor of h and 35.
7
Let t = 714 + -665. Suppose -5*x + x + 28 = 0. What is the greatest common divisor of x and t?
7
Suppose -z + 549 = 2*n, -41*z + n - 554 = -42*z. Calculate the highest common factor of 129 and z.
43
Suppose -j = z - 35, -2*z + 33 = 4*j - 27. Let d be 2/10 + 7032/z. Calculate the greatest common divisor of 22 and d.
22
Suppose -5*j + 4795 = -2*r, -18*j + 22*j + 6*r = 3798. Suppose b - 25 = 2*w, b - 3*w - 2*w - 13 = 0. Calculate the greatest common divisor of b and j.
33
Suppose 5*g + 9565 = 3*l, -31*l - 2*g - 6382 = -33*l. What is the highest common divisor of l and 135?
45
Suppose -g = 4*d - 19 - 1, -16 = -4*d - 2*g. Suppose 7*v = -8*v + 1080. Suppose v = d*j - 2*j. What is the highest common divisor of j and 6?
6
Let p be 248625/315 - 2/7. Let b = p + -555. What is the greatest common divisor of 18 and b?
18
Suppose -13134 = -p + 13647 + 3319. Calculate the highest common divisor of 14 and p.
14
Let j be 117 - (-3)/(6/120*15). What is the highest common divisor of 748 and j?
11
Let g(v) be the first derivative of -40*v**2 + 2*v + 2. Let l = 47 - 50. Let m be g(l). What is the greatest common divisor of m and 22?
22
Suppose -4*n + 6*n = 4. Suppose 45 = n*p + 13. Suppose -2*x + 34 = -p. Calculate the greatest common factor of x and 10.
5
Suppose -2*j + 22*j = 80. Suppose -3*c + 2*m + 51 = 0, -j*m - 68 = -0*c - 4*c. What is the highest common factor of c and 391?
17
Let y(a) = a**2 + a - 1. Let j(l) = 7*l**2 + 22*l - 7. Let z(v) = -j(v) + 6*y(v). Let x be z(-7). What is the highest common divisor of 16 and x?
16
Suppose 7*b - 2*b = 580. Let h = b - 110. Suppose h*r = -25 + 151. Calculate the highest common divisor of 14 and r.
7
Suppose -6 = 3*j, -h + j - 34 = -2*h. Suppose -495*r + 204972 = 192*r + 212*r. Calculate the greatest common factor of r and h.
12
Let u(j) = -j**2 - 7*j + 74. Let f be u(19). Let n = -343 - f. What is the highest common divisor of n and 308?
77
Suppose a + 109 + 76 = -3*p, 0 = -5*p - 20. Let s = a + 265. What is the greatest common divisor of s and 161?
23
Let f(p) = 8*p**2 + 177*p - 288. Let n be f(-27). What is the greatest common divisor of n and 360?
45
Let g(c) = -12*c - 1. Let d be g(-11). Let o = d + -33. Calculate the greatest common factor of o and 42.
14
Let d(b) = 11*b**2 + 63*b - 111. Let c be d(18). What is the highest common divisor of 66 and c?
33
Suppose -15*s = -67 - 1403. What is the greatest common factor of s and 4?
2
Suppose 0 = 63*v - 330 - 55 - 308. Suppose 3*p + 0*q = q - 73, -23 = p - q. Let h = p - -47. What is the highest common divisor of h and v?
11
Let v = -36 - -67. Suppose 6*n + 5*d - 165 = n, -n + 2*d + 27 = 0. What is the highest common factor of v and n?
31
Let l be (36/5)/1*(-5)/(-3). Calculate the greatest common factor of 150 and l.
6
Let q be 34/(-5*(-14)/(-20475))*(-2)/5. Calculate the greatest common factor of q and 1938.
102
Suppose -18 = 9*j, 93 = 5*t + j - 45. Calculate the greatest common divisor of 13342 and t.
14
Let u(m) = -m**3 - 3*m**2 - 3*m - 9. Let a be u(-4). Let k(l) = 5*l**2 + a - 5 - 4. Let n be k(3). Calculate the highest common divisor of 22 and n.
11
Let f = -872 + 1103. Let j be 164/8 - 3/(-6). Calculate the highest common divisor of f and j.
21
Suppose 0 = 2*a - 4*a + 2, 0 = -3*u + 5*a + 823. Let n be ((-74)/4)/((-2)/12). Let r = u - n. Calculate the highest common divisor of 15 and r.
15
Let r be (-7726)/(-22) - 28/154. Suppose 6*m = 105 + r. Calculate the highest common divisor of 38 and m.
38
Let z = 28681 - 28679. What is the greatest common divisor of 1095 and z?
1
Suppose m - 2*m = -2. Let d = 1820 + -1412. Suppose -m*g = 4*o - d, -5*o + g + 227 = -283. Calculate the greatest common divisor of o and 6.
6
Let q = 9233 - 9079. What is the greatest common factor of 154 and q?
154
Let w = 24219 - 24147. Calculate the greatest common divisor of w and 2.
2
Suppose 66*p + 133 - 199 = 0. What is the highest common divisor of p and 149?
1
Suppose 14*p + 4086 - 97998 = 0. Calculate the greatest common factor of 6 and p.
6
Let a = -2197 + 2287. Let x be (-2)/5 + (-304)/(-10). Calculate the greatest common divisor of x and a.
30
Suppose 0 = n + 2*n - 336. Suppose 46*v + 2464 = 2*v. Let s be (-9)/(-12)*v/(-3). Calculate the greatest common factor of s and n.
14
Suppose -3*r + 4*r = -4. Let m(w) be the first derivative of -w**4/4 + w**2/2 + 3*w + 135. Let p be m(r). Calculate the highest common divisor of 42 and p.
21
Let s = 1942 - 1823. What is the greatest common divisor of s and 85?
17
Suppose -10242 = -102*b - 756. Calculate the greatest common factor of 34782 and b.
93
Let w be (43 - 44) + (-2)/(-3) + 55/3. Calculate the greatest common factor of 1341 and w.
9
Let m(b) = 491*b**2 + 2*b - 3. Let r be m(2). Suppose 8*z = -r - 3459. Let w = z + 966. Calculate the greatest common divisor of w and 32.
32
Let q = 333 - 48. Suppose 1575 = 5*u + 3*o + 625, 0 = -2*o. Calculate the greatest common divisor of u and q.
95
Let w(f) = -5*f - 49. Suppose -p - 9 - 14 = 2*t, -4*t = -p + 7. Let u be w(p). Calculate the greatest common divisor of u and 56.
8
Let o(a) = -22*a + 16 - 9*a**3 + 6*a**3 + 17*a**2 + 23 + 4*a**3. Let f be o(-18). Calculate the highest common factor of 37 and f.
37
Suppose -4*i - 216 + 612 = 0. Let p(s) = 133*s**3 - 4*s**2 - 3*s - 1. Let a be p(-1). Let d = 144 + a. What is the greatest common divisor of i and d?
9
Let b = -10264 + 10502. What is the highest common factor of b and 3?
1
Let v = -272 - -282. Let t be ((1036/8)/7)/(v/20). Calculate the highest common divisor of t and 407.
37
Suppose 4*j = q + 8, -4*q - 10 = -4*j - j. Suppose -2*h + 2*k + 36 = 0, -h + 9 = 2*k - 9. What is the highest common factor of h and j?
2
Suppose 2*u = -289 + 1847. Suppose 2*t - u + 251 = 0. Suppose -x = 2*x - t. Calculate the highest common divisor of x and 11.
11
Let n(u) = 5*u + 43 - 3*u - 7 + 1. Suppose -b = -2 + 18. Let r be n(b). Calculate the greatest common factor of r and 5.
5
Let y = 54 + -50. Suppose -11*j + 137 = -8*j - y*l, 0 = -3*l - 15. What is the highest common factor of j and 312?
39
Let j be 14/84 + (-322)/(-12). Let d be (-160)/(-35) - (2 - (-17)/(-7)). Suppose -20 = -d*p - 5. What is the greatest common factor of p and j?
3
Let n = 38 - 9. Suppose 4*v - 77 = -n. Let m be 4 - (-32)/v*6. Calculate the greatest common factor of m and 50.
10
Suppose v = 6*k - 4*k + 101, 85 = v + 2*k. 